eatest common factor of d and 65.
13
Let d(c) = 20*c + 8. Let h be d(8). What is the highest common factor of 21 and h?
21
Let j(r) = r**3 + 11*r**2 - 11*r + 15. Let k be j(-12). What is the highest common factor of k and 33?
3
Suppose p - 1 = 0, -4*q = -2*p - 2*p - 92. What is the highest common divisor of 96 and q?
24
Suppose 2*z = 12 - 4. Calculate the highest common factor of 2 and z.
2
Let s(d) = 43*d + 4. Let i be s(2). What is the greatest common divisor of 36 and i?
18
Let c be ((-12)/7)/((-1)/7). Suppose 3*a - 3*m - 48 = 0, 0*m - 56 = -2*a - 4*m. Let s = a + -17. Calculate the greatest common divisor of c and s.
3
Suppose a - 2 = 12. Let c = 0 - -5. Suppose 5*t + 4*x = 6, c*x - 7 = -4*t - 4. What is the greatest common divisor of t and a?
2
Let t be ((-1)/1 - 2) + 4*7. What is the highest common divisor of t and 25?
25
Let s(n) = 4*n**2 + 5*n + 6. Let b be s(-6). Suppose -2*w + b = 3*w. Let d be ((-6)/(-2))/(w/40). What is the highest common divisor of d and 40?
5
Suppose 5*g = 2*f - 78, -5*g - 79 = -5*f - 4. Let q = g - -27. Calculate the greatest common divisor of q and 11.
11
Suppose -4*n - 34 = -6*n. Suppose n = -l - 14. Let s = -22 - l. Calculate the greatest common divisor of 9 and s.
9
Let b be (-1134)/(-49)*(-42)/(-9). What is the greatest common divisor of 12 and b?
12
Let c = 51 - 12. What is the greatest common factor of 65 and c?
13
Suppose 4*s = -2*z + 62, -z - s = -3*s - 31. Let o = -1 + z. What is the highest common factor of 45 and o?
15
Let a = -44 - -76. What is the highest common factor of 352 and a?
32
Let q = 11 + -7. Let a = -8 + 13. Suppose 0 = a*c - 15, 3*c + 9 = 5*y - 122. Calculate the highest common divisor of y and q.
4
Suppose -2*j - 15 = -43. What is the greatest common divisor of 70 and j?
14
Let o be (-7)/(-14) + 2/(-4). Let t be o + (0 - 2) + 4. Suppose a + 45 = t*m, -3*m + 3*a = -5 - 58. What is the greatest common factor of m and 3?
3
Suppose x = 17*x - 512. Let o = 104 - 56. Calculate the highest common factor of x and o.
16
Let p = 119 + -182. Let v be p/(-14)*(-16)/(-3). Calculate the greatest common divisor of 48 and v.
24
Let x = -118 + 294. Suppose 0 = 5*h + 5, -3*y + 4*h = -16 - 36. Calculate the greatest common factor of x and y.
16
Suppose -2*b - 29 + 189 = 0. What is the greatest common factor of 20 and b?
20
Let t = 0 + -8. Let w = 0 - t. Suppose 24 = x + 2*x. Calculate the greatest common divisor of x and w.
8
Let h = -24 + 14. Let l = 26 + h. Let q be (-2 - -4)*(10 - 2). What is the highest common divisor of q and l?
16
Let o be 3/5 - (-70)/50. What is the highest common factor of o and 5?
1
Suppose 5*v - 39 = -z, 2*v - 2*z - 21 = 3*z. Let u = -19 - -35. What is the highest common factor of u and v?
8
Let c = -6 - 6. Let o be (-237)/(-4) + (-9)/c. Suppose 7*a = 2*a + o. Calculate the highest common divisor of a and 12.
12
Let i = 10 - 8. Suppose 3*l - 7*l = -3*o - 492, 5*l = i*o + 622. Let q(b) = 4*b - 6. Let g be q(5). Calculate the highest common factor of g and l.
14
Let m(u) = 9*u + 83. Let d be m(-8). Calculate the greatest common divisor of 275 and d.
11
Let r(a) be the third derivative of a**6/120 + a**5/12 - 5*a**3/6 - 2*a**2. Let o be r(-4). Calculate the highest common factor of o and 11.
11
Suppose -4*c + 10 = -2*c. Let k(y) = y**3 - 3*y**2 - y. Let v be k(c). What is the highest common divisor of v and 5?
5
Let m(r) = -r + 4. Let a be m(3). Suppose 24 = h - a. Let u(q) = 10*q**2 - q + 1. Let y be u(1). What is the highest common factor of h and y?
5
Let k be ((-9)/(-4))/((-1)/(-88)). Let i be (2/4)/((-8)/(-80)). Suppose i*o - o = 88. What is the highest common divisor of o and k?
22
Suppose -5*k + 10 = -3*k. Calculate the highest common divisor of k and 5.
5
Let z = -98 + 131. Calculate the greatest common divisor of 44 and z.
11
Suppose -5*s = -5*z + 45 + 20, -3*z = -5*s - 41. Let u be (0 - 1)*-1*z. Calculate the greatest common factor of u and 8.
4
Let q be 315/3 + (3 - 3). Let y be 1 - (4 + -2 - q). Suppose -3*k = -7 - 32. What is the highest common factor of k and y?
13
Let u = 13 - 5. Let d be (0 + 2)/((-1)/(-12)). Calculate the highest common divisor of d and u.
8
Suppose 3*w = -4*c + 31, -4*w = -2*c - c + 17. Let k = -103 + 180. What is the greatest common factor of k and c?
7
Suppose 4 = -2*d - 16. Let z be 2/d - (-11)/5. Suppose 0 = -z*r + 2, -5*y - 4*r = -3*r - 191. Calculate the highest common factor of y and 57.
19
Let w = -18 + 39. Suppose 3*d - w - 18 = 0. Let i be (26/(-3))/(2/(-27)). What is the greatest common divisor of d and i?
13
Let a = -105 + 115. Calculate the highest common divisor of 130 and a.
10
Let f(t) = t**2 + 11*t - 9. Suppose -c = -4*c - 36. Let g be f(c). What is the highest common factor of 2 and g?
1
Suppose -4 = -4*r - 0, -5*c + 3*r = -317. Let z be 0/((-2)/4*2). Suppose 3*f - 2*f - c = z. Calculate the greatest common divisor of 8 and f.
8
Let x = -5 - -24. Let r = x + 85. What is the highest common divisor of 26 and r?
26
Suppose 8*b - 780 = -4*b. Calculate the greatest common factor of 5 and b.
5
Let f(p) be the first derivative of p**3/3 - 1. Let h be f(-2). Let x be 89/5 - h/(-20). What is the greatest common divisor of x and 2?
2
Let u(j) = 4*j**3 + j**2 - 1. Suppose 4 = 3*o - p + 2, 1 = 2*o - p. Let q be u(o). Let g = 7 + q. Calculate the highest common divisor of g and 44.
11
Let a(f) = -2*f**3 + 3*f - 4. Let b be a(-5). Calculate the greatest common factor of b and 33.
33
Let s = 58 + -35. Calculate the highest common factor of s and 161.
23
Let f be (-3)/(-2 + -1) - -8. What is the highest common factor of 9 and f?
9
Let x = -12 + 8. Let y(i) = i**3 + 5*i**2 + 3*i + 3. Let a be y(x). Suppose -c + 2*c = a. Calculate the greatest common divisor of c and 56.
7
Let f(y) = y**3 + 18*y**2 - 3*y + 1. Let a be f(-18). Calculate the highest common factor of 275 and a.
55
Let i = -108 - -199. Let a be i + (2 - (-6)/(-3)). Let y = -4 - -17. Calculate the highest common divisor of y and a.
13
Let f(c) be the third derivative of -c**4/8 - c**2. Let k be f(-1). Suppose -x + 4 = -3*t, 5*x = k*t + 2 + 30. What is the highest common factor of 77 and x?
7
Suppose -4*x + 293 = 17. Calculate the greatest common divisor of 46 and x.
23
Suppose 2*o - 57 = -d, -d - o + 65 = 3*o. Let s = 91 - d. What is the highest common factor of 28 and s?
14
Suppose 8*t = 3*t + 60. What is the greatest common factor of 84 and t?
12
Let q be (-168)/(-10) + 2/10. Let u(j) = -111*j**3 - j**2 + j + 1. Let i be u(-1). Suppose 0 = -k + 26 + i. Calculate the greatest common factor of k and q.
17
Suppose 0 = 2*o - 3*d - 2*d - 39, 2*d - 18 = -2*o. What is the highest common factor of 108 and o?
12
Suppose -5*l = -8 - 127. Calculate the highest common divisor of l and 9.
9
Let l(u) = u**2 - u. Suppose -2*n = 5 + 1. Let g be l(n). Suppose -3*m = b - 328, 2*m + 0*b - 236 = -5*b. Calculate the greatest common factor of m and g.
12
Let f = -593 - -613. Suppose 4*i - 13 = 7. What is the highest common divisor of i and f?
5
Suppose -142 = -2*a + 290. Calculate the highest common divisor of a and 27.
27
Suppose f - 4*s + 3 = -2*f, 2*s = f + 1. Let l be f/((-79)/(-40) - 2). Calculate the highest common factor of 10 and l.
10
Let k be (-2)/4 + (-219)/(-6). Calculate the greatest common divisor of k and 12.
12
Suppose 0 = 3*w - 1 + 19. Let r = 12 + w. What is the greatest common factor of 30 and r?
6
Let k(u) = -u + 10. Let n be k(2). Calculate the greatest common factor of n and 4.
4
Let y(u) = -u**2 + 6*u + 6. Let o be y(6). Let w(n) = -3*n**2 - 3*n - 3*n + o*n**3 + 7*n. Let b be w(2). Calculate the highest common factor of b and 95.
19
Suppose 163 - 40 = 3*r. Let h = 68 - r. Let g = -56 + 83. What is the highest common divisor of g and h?
27
Let b = 13 - 7. Suppose -3*u - d + 173 = 2*u, -4*u - 3*d + 134 = 0. Let s = 13 + u. Calculate the greatest common divisor of b and s.
6
Suppose 0 = -2*t + 7*t. Suppose 5*b - 2*p - 25 = -t*b, -p + 4 = 3*b. Suppose 0 = -b*c - c + 4. Calculate the highest common divisor of 8 and c.
1
Suppose -x = 5*c - 12, -3*x + 16 = c - 20. What is the greatest common divisor of 36 and x?
12
Suppose -102 = -i + 5*c, 3*i - 282 = 4*c - c. What is the greatest common divisor of 138 and i?
46
Let q(o) = 5*o**3 - o**2 - o - 1. Let s be q(2). Suppose 132 = 4*v + 44.